{"id":1446,"date":"2017-11-14T20:52:08","date_gmt":"2017-11-14T19:52:08","guid":{"rendered":"https:\/\/jaquebec.com\/?page_id=1446"},"modified":"2025-07-09T12:37:49","modified_gmt":"2025-07-09T16:37:49","slug":"formulaire-dinscription-pour-benevoles","status":"publish","type":"page","link":"https:\/\/jaquebec.org\/fr\/benevoles\/formulaire-dinscription-pour-benevoles\/","title":{"rendered":"Formulaire d&#8217;inscription pour b\u00e9n\u00e9voles"},"content":{"rendered":"<p>[vc_row full_width=&#8221;stretch_row_content&#8221; css=&#8221;.vc_custom_1660940365289{margin-top: -80px !important;}&#8221;][vc_column][vc_single_image image=&#8221;7606&#8243; img_size=&#8221;full&#8221;][\/vc_column][\/vc_row][vc_row css=&#8221;.vc_custom_1692037098697{margin-top: 20px !important;margin-bottom: 25px !important;}&#8221;][vc_column][vc_column_text]<\/p>\n<p style=\"text-align: justify;\"><span style=\"color: #000000;\">Si vous avez des questions sur les opportunit\u00e9s de b\u00e9n\u00e9volat au sein de JA Qu\u00e9bec, veuillez contacter :<\/span><br \/>\n<span style=\"color: #000000;\"><strong>Jessika Houde<\/strong>, coordinatrice des programmes scolaires \u00e0<\/span> <a href=\"mailto:quebec@jaquebec.org\">quebec@jaquebec.org<\/a><span style=\"color: #000000;\"> ou au (514) 285-8944 Poste 110<\/span><br \/>\n<span style=\"color: #000000;\"><strong>M\u00e9lanie Judas<\/strong>, coordonnatrice du programme Entreprise \u00c9tudiante \u00e0 <a href=\"mailto:mchayer@jaquebec.org\">mjudas@jaquebec.org<\/a><\/span>\u00a0<span style=\"color: #000000;\">ou au (514) 285-8944, poste 103.<\/span><\/p>\n<p>[\/vc_column_text][\/vc_column][\/vc_row][vc_row][vc_column][vc_column_text css=&#8221;.vc_custom_1752079040300{margin-top: 10px !important;}&#8221;]<\/p>\n<h4 style=\"text-align: center;\"><span style=\"color: #000000;\"><strong>Si vous souhaitez devenir b\u00e9n\u00e9vole, compl\u00e9tez le formulaire d&#8217;int\u00e9r\u00eat au bas ou bien cliquez sur le bouton ci-dessous si vous savez d\u00e9j\u00e0 int\u00e9ress\u00e9 par notre programme Entreprise \u00e9tudiante.<\/strong><\/span><\/h4>\n<p>[\/vc_column_text][vc_empty_space height=&#8221;10px&#8221;][vc_btn title=&#8221;Formulaire d&#8217;inscription b\u00e9n\u00e9vole aux programmes longue dur\u00e9e &#8211; Entreprise \u00c9tudiante et Entrepreneur Junior&#8221; color=&#8221;info&#8221; align=&#8221;center&#8221; i_icon_fontawesome=&#8221;fa fa-users&#8221; css_animation=&#8221;bounceIn&#8221; add_icon=&#8221;true&#8221; link=&#8221;url:https%3A%2F%2Fjaquebec.org%2Ffr%2Fformulaire-dinscription-benevole-entreprise-etudiante%2F||target:%20_blank|&#8221; el_class=&#8221;.bold&#8221;][\/vc_column][\/vc_row][vc_row][vc_column][vc_column_text]<iframe loading=\"lazy\" style=\"border: none; max-width: 100%; max-height: 100vh;\" src=\"https:\/\/forms.office.com\/Pages\/ResponsePage.aspx?id=M9-kSxOf-ES3Yk6HY8O34S5mzz9MaJJBgNFt5W-AUD5UMkdXNzZXQTVIQVBGTUw4RDBVRjhSVVFPNSQlQCN0PWcu&amp;embed=true&amp;lang=fr\" width=\"100%\" height=\"1200px\" frameborder=\"0\" marginwidth=\"0\" marginheight=\"0\" allowfullscreen=\"allowfullscreen\"> <\/iframe>[\/vc_column_text][\/vc_column][\/vc_row][vc_row disable_element=&#8221;yes&#8221;][vc_column][vc_column_text]<iframe loading=\"lazy\" style=\"border: none; max-width: 100%; max-height: 100vh;\" src=\"https:\/\/forms.office.com\/Pages\/ResponsePage.aspx?id=M9-kSxOf-ES3Yk6HY8O34d0Ab8na5IBPq2cxML5gtO1UMDZVQ1FTMkVCRUFYRVI1QVFYS0pOWFVNVS4u&amp;amp&amp;lang=fr-FR;embed=true\" width=\"100%\" height=\"720px\" frameborder=\"0\" marginwidth=\"0\" marginheight=\"0\" allowfullscreen=\"allowfullscreen\"><span data-mce-type=\"bookmark\" style=\"display: inline-block; width: 0px; overflow: hidden; line-height: 0;\" class=\"mce_SELRES_start\">\ufeff<\/span> <\/iframe>[\/vc_column_text][\/vc_column][\/vc_row][vc_column][\/vc_column]<\/p>","protected":false},"excerpt":{"rendered":"<p>[vc_row full_width=&#8221;stretch_row_content&#8221; css=&#8221;.vc_custom_1660940365289{margin-top: -80px !important;}&#8221;][vc_column][vc_single_image image=&#8221;7606&#8243; img_size=&#8221;full&#8221;][\/vc_column][\/vc_row][vc_row css=&#8221;.vc_custom_1692037098697{margin-top: 20px !important;margin-bottom: 25px !important;}&#8221;][vc_column][vc_column_text] Si vous avez des questions sur les opportunit\u00e9s de b\u00e9n\u00e9volat au sein de JA Qu\u00e9bec, veuillez contacter : Jessika Houde, coordinatrice des programmes scolaires \u00e0 quebec@jaquebec.org ou au (514) 285-8944 Poste 110 M\u00e9lanie Judas, coordonnatrice du programme Entreprise \u00c9tudiante \u00e0 mjudas@jaquebec.org\u00a0ou au (514) [&hellip;]<\/p>\n","protected":false},"author":2,"featured_media":0,"parent":717,"menu_order":0,"comment_status":"closed","ping_status":"closed","template":"","meta":{"_lmt_disableupdate":"","_lmt_disable":"","footnotes":""},"class_list":["post-1446","page","type-page","status-publish","hentry"],"_links":{"self":[{"href":"https:\/\/jaquebec.org\/fr\/wp-json\/wp\/v2\/pages\/1446","targetHints":{"allow":["GET"]}}],"collection":[{"href":"https:\/\/jaquebec.org\/fr\/wp-json\/wp\/v2\/pages"}],"about":[{"href":"https:\/\/jaquebec.org\/fr\/wp-json\/wp\/v2\/types\/page"}],"author":[{"embeddable":true,"href":"https:\/\/jaquebec.org\/fr\/wp-json\/wp\/v2\/users\/2"}],"replies":[{"embeddable":true,"href":"https:\/\/jaquebec.org\/fr\/wp-json\/wp\/v2\/comments?post=1446"}],"version-history":[{"count":82,"href":"https:\/\/jaquebec.org\/fr\/wp-json\/wp\/v2\/pages\/1446\/revisions"}],"predecessor-version":[{"id":13339,"href":"https:\/\/jaquebec.org\/fr\/wp-json\/wp\/v2\/pages\/1446\/revisions\/13339"}],"up":[{"embeddable":true,"href":"https:\/\/jaquebec.org\/fr\/wp-json\/wp\/v2\/pages\/717"}],"wp:attachment":[{"href":"https:\/\/jaquebec.org\/fr\/wp-json\/wp\/v2\/media?parent=1446"}],"curies":[{"name":"wp","href":"https:\/\/api.w.org\/{rel}","templated":true}]}}

Formulaire d&#8217;inscription pour bénévoles

<p>[vc_row full_width=&#8221;stretch_row_content&#8221; css=&#8221;.vc_custom_1660940365289{margin-top: -80px !important;}&#8221;][vc_column][vc_single_image image=&#8221;7606&#8243; img_size=&#8221;full&#8221;][/vc_column][/vc_row][vc_row css=&#8221;.vc_custom_1692037098697{margin-top: 20px !important;margin-bottom: 25px !important;}&#8221;][vc_column][vc_column_text]</p>
<p style="text-align: justify;"><span style="color: #000000;">Si vous avez des questions sur les opportunités de bénévolat au sein de JA Québec, veuillez contacter :</span><br />
<span style="color: #000000;"><strong>Jessika Houde</strong>, coordinatrice des programmes scolaires à</span> <a href="mailto:quebec@jaquebec.org">quebec@jaquebec.org</a><span style="color: #000000;"> ou au (514) 285-8944 Poste 110</span><br />
<span style="color: #000000;"><strong>Mélanie Judas</strong>, coordonnatrice du programme Entreprise Étudiante à <a href="mailto:mchayer@jaquebec.org">mjudas@jaquebec.org</a></span> <span style="color: #000000;">ou au (514) 285-8944, poste 103.</span></p>
<p>[/vc_column_text][/vc_column][/vc_row][vc_row][vc_column][vc_column_text css=&#8221;.vc_custom_1752079040300{margin-top: 10px !important;}&#8221;]</p>
<h4 style="text-align: center;"><span style="color: #000000;"><strong>Si vous souhaitez devenir bénévole, complétez le formulaire d&#8217;intérêt au bas ou bien cliquez sur le bouton ci-dessous si vous savez déjà intéressé par notre programme Entreprise étudiante.</strong></span></h4>
<p>[/vc_column_text][vc_empty_space height=&#8221;10px&#8221;][vc_btn title=&#8221;Formulaire d&#8217;inscription bénévole aux programmes longue durée &#8211; Entreprise Étudiante et Entrepreneur Junior&#8221; color=&#8221;info&#8221; align=&#8221;center&#8221; i_icon_fontawesome=&#8221;fa fa-users&#8221; css_animation=&#8221;bounceIn&#8221; add_icon=&#8221;true&#8221; link=&#8221;url:https%3A%2F%2Fjaquebec.org%2Ffr%2Fformulaire-dinscription-benevole-entreprise-etudiante%2F||target:%20_blank|&#8221; el_class=&#8221;.bold&#8221;][/vc_column][/vc_row][vc_row][vc_column][vc_column_text]<iframe loading="lazy" style="border: none; max-width: 100%; max-height: 100vh;" src="https://forms.office.com/Pages/ResponsePage.aspx?id=M9-kSxOf-ES3Yk6HY8O34S5mzz9MaJJBgNFt5W-AUD5UMkdXNzZXQTVIQVBGTUw4RDBVRjhSVVFPNSQlQCN0PWcu&amp;embed=true&amp;lang=fr" width="100%" height="1200px" frameborder="0" marginwidth="0" marginheight="0" allowfullscreen="allowfullscreen"> </iframe>[/vc_column_text][/vc_column][/vc_row][vc_row disable_element=&#8221;yes&#8221;][vc_column][vc_column_text]<iframe loading="lazy" style="border: none; max-width: 100%; max-height: 100vh;" src="https://forms.office.com/Pages/ResponsePage.aspx?id=M9-kSxOf-ES3Yk6HY8O34d0Ab8na5IBPq2cxML5gtO1UMDZVQ1FTMkVCRUFYRVI1QVFYS0pOWFVNVS4u&amp;amp&amp;lang=fr-FR;embed=true" width="100%" height="720px" frameborder="0" marginwidth="0" marginheight="0" allowfullscreen="allowfullscreen"><span data-mce-type="bookmark" style="display: inline-block; width: 0px; overflow: hidden; line-height: 0;" class="mce_SELRES_start">﻿</span> </iframe>[/vc_column_text][/vc_column][/vc_row][vc_column][/vc_column]</p>

<p>[vc_row full_width=&#8221;stretch_row_content&#8221; css=&#8221;.vc_custom_1660940365289{margin-top: -80px !important;}&#8221;][vc_column][vc_single_image image=&#8221;7606&#8243; img_size=&#8221;full&#8221;][/vc_column][/vc_row][vc_row css=&#8221;.vc_custom_1692037098697{margin-top: 20px !important;margin-bottom: 25px !important;}&#8221;][vc_column][vc_column_text] Si vous avez des questions sur les opportunités de bénévolat au sein de JA Québec, veuillez contacter : Jessika Houde, coordinatrice des programmes scolaires à quebec@jaquebec.org ou au (514) 285-8944 Poste 110 Mélanie Judas, coordonnatrice du programme Entreprise Étudiante à mjudas@jaquebec.org ou au (514) [&hellip;]</p>
