{"id":4665,"date":"2020-09-21T15:29:05","date_gmt":"2020-09-21T19:29:05","guid":{"rendered":"https:\/\/jaquebec.com\/?page_id=4665"},"modified":"2023-01-23T10:38:40","modified_gmt":"2023-01-23T15:38:40","slug":"gala-de-la-releve-montreal-2020","status":"publish","type":"page","link":"https:\/\/jaquebec.org\/fr\/evenements\/gala-annuel-de-la-releve-entrepreneuriale\/gala-de-la-releve-montreal-2020\/","title":{"rendered":"Gala de la rel\u00e8ve entrepreneuriale Montr\u00e9al 2020"},"content":{"rendered":"<p>[vc_row][vc_column]<div class='headline no-icon text-center '><h3>GALA ANNUEL DE LA REL\u00c8VE ENTREPRENEURIALE<\/h3><\/div>[\/vc_column][\/vc_row][vc_row][vc_column][vc_column_text]Cet \u00e9v\u00e9nement vient couronner le travail de plusieurs mois effectu\u00e9s par les \u00e9tudiants du\u00a0<a href=\"https:\/\/jaquebec.org\/programmes\/programme-entreprise-etudiante\/\">programme Entreprise \u00c9tudiante<\/a>\u00a0et souligner la performance remarquable de nos jeunes entrepreneurs. Chaque ann\u00e9e, des prix sous forme de bourses ou de stages en entreprise sont remis aux \u00e9tudiants qui se d\u00e9marquent dans la mise sur pied de leur entreprise. De nombreux laur\u00e9ats se sont vu d\u00e9cerner des prix d\u2019excellence et pour la premi\u00e8re fois cette ann\u00e9e, de nouvelles bourses comp\u00e9tence ont \u00e9t\u00e9 distribu\u00e9es.[\/vc_column_text][\/vc_column][\/vc_row][vc_row][vc_column]<div class='headline no-icon text-center '><h3>LISTE DES GAGNANTS 2019-2020<\/h3><\/div>[\/vc_column][\/vc_row][vc_row][vc_column][vc_column_text]<\/p>\n<div class=\"container no-padding\">\n<div class=\"vc_row wpb_row vc_row-fluid vc_custom_1554733098197 row\">\n<div class=\"wpb_column vc_column_container vc_col-sm-12\">\n<div class=\"vc_column-inner \">\n<div class=\"wpb_wrapper\">\n<div class=\"wpb_text_column wpb_content_element \">\n<div class=\"wpb_wrapper\">\n<p style=\"text-align: center;\">\u00a0Voici les laur\u00e9ats qui se sont vu d\u00e9cerner des prix d\u2019excellence\u00a0cette ann\u00e9e dans les diff\u00e9rentes cat\u00e9gories :<\/p>\n<\/div>\n<\/div>\n<\/div>\n<\/div>\n<\/div>\n<\/div>\n<\/div>\n<div class=\"container no-padding\">\n<div class=\"vc_row wpb_row vc_row-fluid vc_custom_1554737178584 row\">\n<div class=\"wpb_column vc_column_container vc_col-sm-6 vc_col-has-fill\">\n<div class=\"vc_column-inner vc_custom_1554737582519\">\n<div class=\"wpb_wrapper\">\n<div class=\"wpb_text_column wpb_content_element vc_custom_1560738971957\">\n<div class=\"wpb_wrapper\" style=\"text-align: center;\"><\/div>\n<\/div>\n<\/div>\n<\/div>\n<\/div>\n<\/div>\n<\/div>\n<p>[\/vc_column_text][\/vc_column][\/vc_row][vc_row][vc_column width=&#8221;1\/3&#8243;][vc_column_text]<\/p>\n<h3 style=\"text-align: center;\">PR\u00c9SIDENT<\/h3>\n<p>[\/vc_column_text][vc_column_text]<\/p>\n<h3 style=\"text-align: center;\"><b>Alexis Hamam<br \/>\n<\/b><\/h3>\n<p>[\/vc_column_text][\/vc_column][vc_column width=&#8221;1\/3&#8243;][vc_column_text]<\/p>\n<h3 style=\"text-align: center;\">VP FINANCE<\/h3>\n<p>[\/vc_column_text][vc_column_text]<\/p>\n<h3 style=\"text-align: center;\"><b>Thomas Farah<br \/>\n<\/b><\/h3>\n<p>[\/vc_column_text][\/vc_column][vc_column width=&#8221;1\/3&#8243;][vc_column_text]<\/p>\n<h3 style=\"text-align: center;\">VP RESSOURCES HUMAINES<\/h3>\n<p>[\/vc_column_text][vc_column_text]<\/p>\n<h3 style=\"text-align: center;\"><b>F\u00e9lix Tymoshenko<\/b><\/h3>\n<p>[\/vc_column_text][\/vc_column][\/vc_row][vc_row][vc_column][vc_empty_space height=&#8221;75px&#8221;][\/vc_column][\/vc_row][vc_row][vc_column width=&#8221;1\/3&#8243;][vc_column_text]<\/p>\n<h3 style=\"text-align: center;\">VP MARKETING<\/h3>\n<p>[\/vc_column_text][vc_column_text]<\/p>\n<h3 style=\"text-align: center;\"><b>Alexis Boudrias<\/b><\/h3>\n<p>[\/vc_column_text][\/vc_column][vc_column width=&#8221;1\/3&#8243;][vc_column_text]<\/p>\n<h3 style=\"text-align: center;\">VP TECHNOLOGIES DE L&#8217;INFORMATION<\/h3>\n<p>[\/vc_column_text][vc_column_text]<\/p>\n<h3 style=\"text-align: center;\"><b>Alexis Noiseux<\/b><\/h3>\n<p>[\/vc_column_text][\/vc_column][vc_column width=&#8221;1\/3&#8243;][vc_column_text]<\/p>\n<h3 style=\"text-align: center;\">VP PRODUCTION<\/h3>\n<p>[\/vc_column_text][vc_column_text]<\/p>\n<h3 style=\"text-align: center;\"><b>Laura Bou<\/b><\/h3>\n<p>[\/vc_column_text][\/vc_column][\/vc_row][vc_row][vc_column][vc_empty_space height=&#8221;75px&#8221;][\/vc_column][\/vc_row][vc_row][vc_column][vc_column_text]<\/p>\n<h3 style=\"text-align: center;\">ENTREPRISE DE L&#8217;ANN\u00c9E<\/h3>\n<p>[\/vc_column_text][vc_single_image image=&#8221;4792&#8243; img_size=&#8221;full&#8221; alignment=&#8221;center&#8221;][\/vc_column][\/vc_row][vc_row][vc_column][vc_empty_space height=&#8221;75px&#8221;][\/vc_column][\/vc_row][vc_row][vc_column][vc_column_text]<\/p>\n<h3 style=\"text-align: center;\">MEILLEURE CARTE D&#8217;AFFAIRES<\/h3>\n<p>[\/vc_column_text][vc_single_image image=&#8221;4794&#8243; img_size=&#8221;large&#8221; alignment=&#8221;center&#8221;][vc_single_image image=&#8221;4880&#8243; img_size=&#8221;full&#8221; alignment=&#8221;center&#8221;][\/vc_column][\/vc_row][vc_row][vc_column][vc_empty_space height=&#8221;75px&#8221;][\/vc_column][\/vc_row][vc_row][vc_column][vc_column_text]<\/p>\n<h3 style=\"text-align: center;\">MEILLEUR SITE INTERNET<\/h3>\n<p>[\/vc_column_text][vc_single_image image=&#8221;4794&#8243; img_size=&#8221;full&#8221; alignment=&#8221;center&#8221;][vc_single_image image=&#8221;4882&#8243; img_size=&#8221;full&#8221; alignment=&#8221;center&#8221;][\/vc_column][\/vc_row][vc_row][vc_column][vc_empty_space height=&#8221;75px&#8221;][\/vc_column][\/vc_row][vc_row][vc_column][vc_column_text]<\/p>\n<h3 style=\"text-align: center;\">MEILLEUR JA CLIP \u00c9QUIPE<\/h3>\n<p>[\/vc_column_text][vc_single_image image=&#8221;4795&#8243; img_size=&#8221;full&#8221; alignment=&#8221;center&#8221;][vc_single_image image=&#8221;4885&#8243; img_size=&#8221;full&#8221; alignment=&#8221;center&#8221;][\/vc_column][\/vc_row][vc_row][vc_column][vc_empty_space height=&#8221;100px&#8221;][vc_column_text]<\/p>\n<h3 style=\"text-align: center;\">MEILLEUR JA CLIP SOLO<\/h3>\n<p>[\/vc_column_text][vc_single_image image=&#8221;4887&#8243; img_size=&#8221;full&#8221; alignment=&#8221;center&#8221;][vc_single_image image=&#8221;4888&#8243; img_size=&#8221;full&#8221; alignment=&#8221;center&#8221;][vc_empty_space height=&#8221;70px&#8221;][vc_single_image image=&#8221;4890&#8243; img_size=&#8221;full&#8221; alignment=&#8221;center&#8221; style=&#8221;vc_box_shadow_3d&#8221; title=&#8221;Attribution des bourses d&#8217;excellence&#8221;][vc_empty_space height=&#8221;50px&#8221;][\/vc_column][\/vc_row]<\/p>","protected":false},"excerpt":{"rendered":"<p>[vc_row][vc_column][\/vc_column][\/vc_row][vc_row][vc_column][vc_column_text]Cet \u00e9v\u00e9nement vient couronner le travail de plusieurs mois effectu\u00e9s par les \u00e9tudiants du\u00a0programme Entreprise \u00c9tudiante\u00a0et souligner la performance remarquable de nos jeunes entrepreneurs. Chaque ann\u00e9e, des prix sous forme de bourses ou de stages en entreprise sont remis aux \u00e9tudiants qui se d\u00e9marquent dans la mise sur pied de leur entreprise. De nombreux laur\u00e9ats [&hellip;]<\/p>\n","protected":false},"author":2,"featured_media":0,"parent":3210,"menu_order":0,"comment_status":"closed","ping_status":"closed","template":"","meta":{"_lmt_disableupdate":"","_lmt_disable":"","footnotes":""},"class_list":["post-4665","page","type-page","status-publish","hentry"],"_links":{"self":[{"href":"https:\/\/jaquebec.org\/fr\/wp-json\/wp\/v2\/pages\/4665","targetHints":{"allow":["GET"]}}],"collection":[{"href":"https:\/\/jaquebec.org\/fr\/wp-json\/wp\/v2\/pages"}],"about":[{"href":"https:\/\/jaquebec.org\/fr\/wp-json\/wp\/v2\/types\/page"}],"author":[{"embeddable":true,"href":"https:\/\/jaquebec.org\/fr\/wp-json\/wp\/v2\/users\/2"}],"replies":[{"embeddable":true,"href":"https:\/\/jaquebec.org\/fr\/wp-json\/wp\/v2\/comments?post=4665"}],"version-history":[{"count":34,"href":"https:\/\/jaquebec.org\/fr\/wp-json\/wp\/v2\/pages\/4665\/revisions"}],"predecessor-version":[{"id":8625,"href":"https:\/\/jaquebec.org\/fr\/wp-json\/wp\/v2\/pages\/4665\/revisions\/8625"}],"up":[{"embeddable":true,"href":"https:\/\/jaquebec.org\/fr\/wp-json\/wp\/v2\/pages\/3210"}],"wp:attachment":[{"href":"https:\/\/jaquebec.org\/fr\/wp-json\/wp\/v2\/media?parent=4665"}],"curies":[{"name":"wp","href":"https:\/\/api.w.org\/{rel}","templated":true}]}}

Gala de la relève entrepreneuriale Montréal 2020

<p>[vc_row][vc_column]<div class='headline no-icon text-center '><h3>GALA ANNUEL DE LA RELÈVE ENTREPRENEURIALE</h3></div>[/vc_column][/vc_row][vc_row][vc_column][vc_column_text]Cet événement vient couronner le travail de plusieurs mois effectués par les étudiants du <a href="https://jaquebec.org/programmes/programme-entreprise-etudiante/">programme Entreprise Étudiante</a> et souligner la performance remarquable de nos jeunes entrepreneurs. Chaque année, des prix sous forme de bourses ou de stages en entreprise sont remis aux étudiants qui se démarquent dans la mise sur pied de leur entreprise. De nombreux lauréats se sont vu décerner des prix d’excellence et pour la première fois cette année, de nouvelles bourses compétence ont été distribuées.[/vc_column_text][/vc_column][/vc_row][vc_row][vc_column]<div class='headline no-icon text-center '><h3>LISTE DES GAGNANTS 2019-2020</h3></div>[/vc_column][/vc_row][vc_row][vc_column][vc_column_text]</p>
<div class="container no-padding">
<div class="vc_row wpb_row vc_row-fluid vc_custom_1554733098197 row">
<div class="wpb_column vc_column_container vc_col-sm-12">
<div class="vc_column-inner ">
<div class="wpb_wrapper">
<div class="wpb_text_column wpb_content_element ">
<div class="wpb_wrapper">
<p style="text-align: center;"> Voici les lauréats qui se sont vu décerner des prix d’excellence cette année dans les différentes catégories :</p>
</div>
</div>
</div>
</div>
</div>
</div>
</div>
<div class="container no-padding">
<div class="vc_row wpb_row vc_row-fluid vc_custom_1554737178584 row">
<div class="wpb_column vc_column_container vc_col-sm-6 vc_col-has-fill">
<div class="vc_column-inner vc_custom_1554737582519">
<div class="wpb_wrapper">
<div class="wpb_text_column wpb_content_element vc_custom_1560738971957">
<div class="wpb_wrapper" style="text-align: center;"></div>
</div>
</div>
</div>
</div>
</div>
</div>
<p>[/vc_column_text][/vc_column][/vc_row][vc_row][vc_column width=&#8221;1/3&#8243;][vc_column_text]</p>
<h3 style="text-align: center;">PRÉSIDENT</h3>
<p>[/vc_column_text][vc_column_text]</p>
<h3 style="text-align: center;"><b>Alexis Hamam<br />
</b></h3>
<p>[/vc_column_text][/vc_column][vc_column width=&#8221;1/3&#8243;][vc_column_text]</p>
<h3 style="text-align: center;">VP FINANCE</h3>
<p>[/vc_column_text][vc_column_text]</p>
<h3 style="text-align: center;"><b>Thomas Farah<br />
</b></h3>
<p>[/vc_column_text][/vc_column][vc_column width=&#8221;1/3&#8243;][vc_column_text]</p>
<h3 style="text-align: center;">VP RESSOURCES HUMAINES</h3>
<p>[/vc_column_text][vc_column_text]</p>
<h3 style="text-align: center;"><b>Félix Tymoshenko</b></h3>
<p>[/vc_column_text][/vc_column][/vc_row][vc_row][vc_column][vc_empty_space height=&#8221;75px&#8221;][/vc_column][/vc_row][vc_row][vc_column width=&#8221;1/3&#8243;][vc_column_text]</p>
<h3 style="text-align: center;">VP MARKETING</h3>
<p>[/vc_column_text][vc_column_text]</p>
<h3 style="text-align: center;"><b>Alexis Boudrias</b></h3>
<p>[/vc_column_text][/vc_column][vc_column width=&#8221;1/3&#8243;][vc_column_text]</p>
<h3 style="text-align: center;">VP TECHNOLOGIES DE L&#8217;INFORMATION</h3>
<p>[/vc_column_text][vc_column_text]</p>
<h3 style="text-align: center;"><b>Alexis Noiseux</b></h3>
<p>[/vc_column_text][/vc_column][vc_column width=&#8221;1/3&#8243;][vc_column_text]</p>
<h3 style="text-align: center;">VP PRODUCTION</h3>
<p>[/vc_column_text][vc_column_text]</p>
<h3 style="text-align: center;"><b>Laura Bou</b></h3>
<p>[/vc_column_text][/vc_column][/vc_row][vc_row][vc_column][vc_empty_space height=&#8221;75px&#8221;][/vc_column][/vc_row][vc_row][vc_column][vc_column_text]</p>
<h3 style="text-align: center;">ENTREPRISE DE L&#8217;ANNÉE</h3>
<p>[/vc_column_text][vc_single_image image=&#8221;4792&#8243; img_size=&#8221;full&#8221; alignment=&#8221;center&#8221;][/vc_column][/vc_row][vc_row][vc_column][vc_empty_space height=&#8221;75px&#8221;][/vc_column][/vc_row][vc_row][vc_column][vc_column_text]</p>
<h3 style="text-align: center;">MEILLEURE CARTE D&#8217;AFFAIRES</h3>
<p>[/vc_column_text][vc_single_image image=&#8221;4794&#8243; img_size=&#8221;large&#8221; alignment=&#8221;center&#8221;][vc_single_image image=&#8221;4880&#8243; img_size=&#8221;full&#8221; alignment=&#8221;center&#8221;][/vc_column][/vc_row][vc_row][vc_column][vc_empty_space height=&#8221;75px&#8221;][/vc_column][/vc_row][vc_row][vc_column][vc_column_text]</p>
<h3 style="text-align: center;">MEILLEUR SITE INTERNET</h3>
<p>[/vc_column_text][vc_single_image image=&#8221;4794&#8243; img_size=&#8221;full&#8221; alignment=&#8221;center&#8221;][vc_single_image image=&#8221;4882&#8243; img_size=&#8221;full&#8221; alignment=&#8221;center&#8221;][/vc_column][/vc_row][vc_row][vc_column][vc_empty_space height=&#8221;75px&#8221;][/vc_column][/vc_row][vc_row][vc_column][vc_column_text]</p>
<h3 style="text-align: center;">MEILLEUR JA CLIP ÉQUIPE</h3>
<p>[/vc_column_text][vc_single_image image=&#8221;4795&#8243; img_size=&#8221;full&#8221; alignment=&#8221;center&#8221;][vc_single_image image=&#8221;4885&#8243; img_size=&#8221;full&#8221; alignment=&#8221;center&#8221;][/vc_column][/vc_row][vc_row][vc_column][vc_empty_space height=&#8221;100px&#8221;][vc_column_text]</p>
<h3 style="text-align: center;">MEILLEUR JA CLIP SOLO</h3>
<p>[/vc_column_text][vc_single_image image=&#8221;4887&#8243; img_size=&#8221;full&#8221; alignment=&#8221;center&#8221;][vc_single_image image=&#8221;4888&#8243; img_size=&#8221;full&#8221; alignment=&#8221;center&#8221;][vc_empty_space height=&#8221;70px&#8221;][vc_single_image image=&#8221;4890&#8243; img_size=&#8221;full&#8221; alignment=&#8221;center&#8221; style=&#8221;vc_box_shadow_3d&#8221; title=&#8221;Attribution des bourses d&#8217;excellence&#8221;][vc_empty_space height=&#8221;50px&#8221;][/vc_column][/vc_row]</p>

<p>[vc_row][vc_column][/vc_column][/vc_row][vc_row][vc_column][vc_column_text]Cet événement vient couronner le travail de plusieurs mois effectués par les étudiants du programme Entreprise Étudiante et souligner la performance remarquable de nos jeunes entrepreneurs. Chaque année, des prix sous forme de bourses ou de stages en entreprise sont remis aux étudiants qui se démarquent dans la mise sur pied de leur entreprise. De nombreux lauréats [&hellip;]</p>
